(base 3) to base 6.
-43
7 (base 15) to base 9
7
What is 1 (base 3) in base 11?
1
What is 0 (base 9) in base 8?
0
46 (base 7) to base 3
1021
What is -1 (base 11) in base 14?
-1
Convert 12002 (base 3) to base 8.
211
Convert -1 (base 5) to base 3.
-1
What is -166 (base 8) in base 11?
-a8
What is -11 (base 8) in base 7?
-12
Convert -12120 (base 3) to base 15.
-a0
Convert -3 (base 6) to base 8.
-3
What is -3 (base 15) in base 2?
-11
Convert 93 (base 11) to base 9.
123
What is -3 (base 11) in base 2?
-11
Convert 0 (base 2) to base 7.
0
Convert 22 (base 6) to base 14.
10
-14 (base 16) to base 7
-26
What is -40 (base 11) in base 3?
-1122
What is 8 (base 13) in base 12?
8
Convert -5 (base 15) to base 11.
-5
What is -4 (base 10) in base 16?
-4
What is -2 (base 7) in base 9?
-2
Convert -10 (base 6) to base 8.
-6
62 (base 9) to base 5
211
Convert 135 (base 6) to base 8.
73
Convert 11 (base 5) to base 10.
6
What is -3 (base 8) in base 7?
-3
Convert 14 (base 16) to base 10.
20
What is 30 (base 12) in base 9?
40
Convert 5 (base 9) to base 2.
101
Convert -1110 (base 3) to base 14.
-2b
-4 (base 12) to base 5
-4
What is -41 (base 14) in base 8?
-71
Convert -9 (base 13) to base 3.
-100
78 (base 15) to base 6
305
What is -3 (base 13) in base 4?
-3
What is 4 (base 12) in base 4?
10
Convert -10 (base 2) to base 11.
-2
What is 11 (base 3) in base 7?
4
6 (base 15) to base 12
6
-101022 (base 3) to base 16
-116
-29 (base 13) to base 11
-32
What is -21 (base 7) in base 8?
-17
-1 (base 12) to base 16
-1
What is 4 (base 8) in base 2?
100
What is -54 (base 6) in base 11?
-31
What is -4 (base 5) in base 4?
-10
Convert -3 (base 15) to base 8.
-3
-10a (base 14) to base 15
-db
Convert -1 (base 11) to base 9.
-1
What is 4 (base 8) in base 6?
4
-3 (base 5) to base 3
-10
Convert a (base 13) to base 2.
1010
-29 (base 13) to base 2
-100011
What is -1011 (base 3) in base 8?
-37
3 (base 9) to base 2
11
1a (base 12) to base 13
19
What is -242 (base 12) in base 14?
-1a2
Convert -131 (base 4) to base 13.
-23
What is -4 (base 5) in base 13?
-4
Convert -b (base 15) to base 16.
-b
What is 5 (base 9) in base 7?
5
-280 (base 9) to base 12
-176
-2 (base 7) to base 13
-2
Convert -2 (base 4) to base 14.
-2
13 (base 13) to base 10
16
2 (base 4) to base 14
2
-a (base 14) to base 10
-10
Convert 12 (base 10) to base 12.
10
What is 69 (base 16) in base 3?
10220
-445 (base 7) to base 3
-22111
Convert 22210 (base 3) to base 16.
ed
What is -10 (base 3) in base 13?
-3
24 (base 15) to base 4
202
What is 1235 (base 6) in base 3?
102112
10 (base 3) to base 15
3
Convert 10 (base 3) to base 14.
3
20 (base 7) to base 9
15
-36 (base 14) to base 15
-33
Convert -24 (base 6) to base 12.
-14
3 (base 6) to base 5
3
Convert -3 (base 5) to base 2.
-11
1 (base 10) to base 7
1
What is -1 (base 16) in base 2?
-1
Convert -201 (base 6) to base 2.
-1001001
Convert -1 (base 12) to base 9.
-1
What is 24 (base 8) in base 5?
40
-2 (base 6) to base 13
-2
What is b1 (base 12) in base 15?
8d
-3 (base 4) to base 5
-3
What is 92 (base 16) in base 9?
172
What is 3d (base 15) in base 4?
322
What is -3 (base 16) in base 8?
-3
What is 1010 (base 3) in base 7?
42
Convert -11 (base 9) to base 13.
-a
3 (base 10) to base 8
3
Convert 1 (base 10) to base 2.
1
Convert 12 (base 8) to base 3.
101
13 (base 15) to base 6
30
Convert 116 (base 16) to base 14.
15c
-134 (base 6) to base 12
-4a
What is -3 (base 4) in base 3?
-10
10 (base 2) to base 8
2
11 (base 6) to base 5
12
Convert 1000100 (base 2) to base 7.
125
What is -23 (base 5) in base 7?
-16
-101 (base 3) to base 8
-12
What is 1 (base 3) in base 12?
1
1 (base 10) to base 13
1
Convert -262 (base 8) to base 16.
-b2
0 (base 12) to base 2
0
-10010 (base 3) to base 11
-77
What is -2 (base 5) in base 13?
-2
What is 4 (base 15) in base 6?
4
What is 4 (base 15) in base 14?
4
3 (base 8) to base 7
3
-27 (base 14) to base 10
-35
Convert 1211 (base 4) to base 16.
65
Convert -34 (base 5) to base 2.
-10011
What is 57 (base 12) in base 4?
1003
What is 124 (base 6) in base 4?
310
What is -10 (base 3) in base 6?
-3
Convert 1 (base 16) to base 4.
1
What is -a (base 12) in base 7?
-13
33 (base 16) to base 10
51
What is 5 (base 16) in base 12?
5
What is -317 (base 9) in base 15?
-124
What is -72 (base 12) in base 9?
-105
-1 (base 13) to base 14
-1
Convert 10 (base 3) to base 12.
3
Convert 2 (base 10) to base 13.
2
Convert 12 (base 6) to base 2.
1000
What is 1 (base 6) in base 12?
1
-2 (base 10) to base 6
-2
Convert 430 (base 7) to base 2.
11011001
Convert 6 (base 8) to base 2.
110
Convert -5 (base 6) to base 5.
-10
7 (base 9) to base 5
12
What is -59 (base 15) in base 11?
-77
What is 61 (base 7) in base 5?
133
What is -1b (base 13) in base 4?
-120
What is -11 (base 4) in base 9?
-5
-13 (base 16) to base 5
-34
Convert eb (base 15) to base 8.
335
Convert 12 (base 10) to base 11.
11
What is -1 (base 2) in base 11?
-1
Convert -13 (base 8) to base 9.
-12
Convert 13 (base 11) to base 15.
e
What is 1045 (base 6) in base 13?
15b
What is -9a (base 14) in base 10?
-136
-41 (base 11) to base 9
-50
Convert -102 (base 3) to base 5.
-21
Convert -45 (base 13) to base 15.
-3c
What is 1130 (base 5) in base 4?
2211
What is 11 (base 11) in base 14?
c
Convert -2 (base 4) to base 13.
-2
Convert 6 (base 14) to base 7.
6
2 (base 7) to base 8
2
What is 49 (base 10) in base 8?
61
Convert -3 (base 9) to base 15.
-3
What is 5 (base 14) in base 15?
5
What is -3 (base 15) in base 13?
-3
158 (base 12) to base 9
255
What is -1 (base 7) in base 11?
-1
-4 (base 11) to base 9
-4
Convert -19c (base 13) to base 4.
-10222
What is 0 (base 15) in base 11?
0
-16 (base 7) to base 8
-15
Convert -23 (base 12) to base 15.
-1c
What is -7b (base 12) in base 5?
-340
-12 (base 4) to base 7
-6
-1 (base 15) to base 5
-1
Convert 12 (base 10) to base 2.
1100
What is -10 (base 2) in base 8?
-2
What is -144 (base 7) in base 16?
-51
Convert -332 (base 5) to base 2.
-1011100
Convert 21 (base 4) to base 12.
9
Convert 33 (base 6) to base 15.
16
-1 (base 16) to base 7
-1
Convert 113 (base 4) to base 5.
43
Convert -37 (base 8) to base 14.
-23
Convert 22 (base 3) to base 12.
8
12 (base 6) to base 4
20
What is 10 (base 2) in base 16?
2
Convert -11 (base 4) to base 15.
-5
-1101 (base 3) to base 16
-25
Convert 224 (base 10) to base 3.
22022
-2a (base 13) to base 12
-30
Convert 81 (base 11) to base 13.
6b
Convert -11 (base 2) to base 9.
-3
What is 15 (base 7) in base 9?
13
What is 2 (base 5) in base 2?
10
What is 8 (base 16) in base 6?
12
Convert 2c (base 16) to base 11.
40
Convert 5 (base 7) to base 10.
5
Convert 6 (base 7) to base 8.
6
-10100 (base 2) to base 7
-26
1 (base 14) to base 2
1
-7 (base 10) to base 6
-11
-14 (base 11) to base 10
-15
What is 100 (base 2) in base 8?
4
What is -95 (base 12) in base 14?
-81
What is 56 (base 7) in base 6?
105
What is 12 (base 3) in base 4?
11
Convert 131 (base 8) to base 16.
59
Convert 1 (base 10) to base 7.
1
Convert -1b3 (base 16) to base 13.
-276
-31 (base 16) to base 12
-41
Convert -14 (base 6) to base 12.
-a
5 (base 10) to base 8
5
0 (base 15) to base 13
0
Convert 9 (base 11) to base 15.
9
What is 131 (base 12) in base 3?
20201
What is 0 (base 4) in base 6?
0
-71 (base 11) to base 12
-66
Convert -4 (base 11) to base 9.
-4
Convert 10 (base 3) to base 10.
3
What is 0 (base 4) in base 13?
0
What is 133 (base 7) in base 10?
73
6 (base 7) to base 6
10
What is 103 (base 14) in base 7?
403
What is 2012 (base 3) in base 13?
47
-6b (base 14) to base 8
-137
6 (base 10) to base 3
20
Convert 245 (base 6) to base 10.
101
Convert c (base 14) to base 4.
30
What is 3 (base 9) in base 8?
3
What is 9 (base 13) in base 8?
11
-11 (base 3) to base 14
-4
Convert b5 (base 14) to base 10.
159
10000111 (base 2) to base 3
12000
12 (base 13) to base 8
17
Convert 81 (base 12) to base 15.
67
What is -11012 (base 3) in base 11?
-a3
Convert 30 (base 7) to base 12.
19
0 (base 12) to base 13
0
Convert -2 (base 13) to base 3.
-2
2 (base 11) to base 6
2
Convert -2 (base 8) to base 7.
-2
-16 (base 7) to base 14
-d
What is -14 (base 10) in base 11?
-13
-225 (base 10) to base 13
-144
-a (base 16) to base 11
-a
What is -4 (base 9) in base 2?
-100
Convert 11 (base 5) to base 10.
6
What is -1 (base 2) in base 11?
-1
Convert -132 (base 5) to base 4.
-222
What is 13